the prime factors of (-2 + 3)*(k - -3)?
3
Let h = 41 + -7. List the prime factors of h.
2, 17
Suppose -t - t - 4 = 0. What are the prime factors of ((-7)/(21/132))/t?
2, 11
Suppose -2*s = -s - 107. List the prime factors of s.
107
Let b = -11 - -7. Let c be -70*(2 - (-10)/b). Let g = c + -22. List the prime factors of g.
13
Let t(u) = -3*u + 0*u - 3*u + 0 - 2. List the prime factors of t(-3).
2
Suppose 2*l + 24 = 78. What are the prime factors of l?
3
Let p = -2 + 5. Suppose -3*q + 12 - p = 0. Suppose -4*j = 16, 5*j = -4*b + q*b - 13. What are the prime factors of b?
7
Let b = -94 - -131. Suppose -3*w + b = -5*z, 4*z + 0 = 4. What are the prime factors of w?
2, 7
Suppose 31 = -l + 3*j + 9, 4*l + 2*j = -60. Let x = 58 + l. What are the prime factors of x?
2, 3, 7
Let t be (-4)/(-6) + 56/6. Suppose 0 = 5*n - 4 - 6. Suppose -10 - t = -n*w. List the prime factors of w.
2, 5
What are the prime factors of ((-108)/(-4))/(1 + 0)?
3
Suppose -12*r + 8*r = -284. What are the prime factors of r?
71
Let c be (-333)/(-63) + 4/(-14). Suppose 0*w = 2*s - c*w - 22, -s - 2*w = -20. What are the prime factors of s?
2
Let j(z) = 3*z**2 + 9*z - 9. List the prime factors of j(-7).
3, 5
Suppose -p = -d + 16, 4*d - 5*p - 39 = 30. Suppose d + 49 = 5*x. List the prime factors of x.
2, 3
Let m(f) = -51*f. List the prime factors of m(-1).
3, 17
Suppose -2 - 6 = -4*t. Suppose -t*c = 3*c - 20. What are the prime factors of c?
2
What are the prime factors of (-1 - -29)/((-25)/(-10) - 2)?
2, 7
Suppose h - 3*s + 3 = -1, 0 = 3*h + 3*s + 36. Let x(a) = -a**2 - 3*a + 12. Let v be x(-7). Let u = h - v. List the prime factors of u.
2, 3
Let g = 45 + -39. What are the prime factors of g?
2, 3
Let a(p) be the second derivative of p**4/6 + p**3 + 2*p**2 - 2*p. Suppose -4*g = -2*l - 28, -5*l = -3*g + 13 + 22. What are the prime factors of a(l)?
2, 3
List the prime factors of (3 - 4)*-48 - 2/(-2).
7
Suppose -5*o + 388 = -3*o. What are the prime factors of o?
2, 97
Let t be (-25)/3 - (-4)/12. Let y = t - -28. List the prime factors of y.
2, 5
Let i(u) = 73*u - 9. Let b(x) = 37*x - 4. Let t(c) = 5*b(c) - 2*i(c). What are the prime factors of t(1)?
37
Let b(j) = 7*j - 30. List the prime factors of b(23).
131
List the prime factors of 3/4 + 45/20.
3
Suppose 3*s - 90 = 5*x - 0*x, 2*s - 60 = x. List the prime factors of s.
2, 3, 5
Suppose 20 = 2*c + 3*s - 34, c = 3*s + 45. List the prime factors of c.
3, 11
Let k(c) = c**3 + 8*c**2 + 7*c - 8. List the prime factors of k(4).
2, 53
Let f be ((-2)/(-6))/((-2)/42). Let t be (6 - 1)*(-2 - -1). Let x = t - f. List the prime factors of x.
2
Suppose 4*s - 70 = 2*s. What are the prime factors of s?
5, 7
Let l(t) = -1 - 35*t - 3*t - 9*t. Let x be l(-1). Let f = x + -30. What are the prime factors of f?
2
What are the prime factors of (-1)/(-3) + 671/3?
2, 7
Let k be (-1)/((-3)/9*1). Suppose 0 = -2*c - k*c. Suppose -4*r + 20 = -c. What are the prime factors of r?
5
Suppose 5*w + 40 = 275. What are the prime factors of w?
47
Let b be 6/27 + (-40)/18. What are the prime factors of 2/(b/9)*-1?
3
Let m be 17 + ((-24)/(-2))/(-3). Suppose -11 = 3*p + 4*f, -4*p + f - 6*f = m. What are the prime factors of p?
3
Suppose m + r + 6 = 0, 3*m - 2*r + 6*r + 17 = 0. Let h be 42/4 - 1/2. Let a = m + h. What are the prime factors of a?
3
Suppose 39*l - 58 = 37*l. What are the prime factors of l?
29
Suppose 4*t = 5*t + 4*g + 10, 4*t + 4*g = -4. List the prime factors of 72/t*4/6.
2, 3
Let y be 74/3 + (-6)/(-18). Let d = y - 11. What are the prime factors of d?
2, 7
Let x(h) be the third derivative of -h**5/120 + h**4/12 + h**3/6 + 2*h**2. Let q(o) be the first derivative of x(o). What are the prime factors of q(-3)?
5
Suppose -i + 4*f - 34 = 0, -6*i + i - 78 = 3*f. Let h = 12 - i. What are the prime factors of h?
2, 3, 5
Let r(f) = -f**3 + 3*f**2 + 4. Let n(h) = h**2 + 8*h + 10. Let s be n(-7). Let m be r(s). Suppose 13 = q + m. What are the prime factors of q?
3
Let n(q) = 30*q + 2. List the prime factors of n(2).
2, 31
Suppose 2*h - 15 = 7*h. List the prime factors of 59/3 + 2/h.
19
Suppose q + q = 2. Let r = 19 - q. What are the prime factors of r?
2, 3
Let t = -7 + 7. Suppose t = j - 3, -3*j = h + j + 27. Let s = 58 + h. List the prime factors of s.
19
Suppose 55 = -4*h + 247. What are the prime factors of h?
2, 3
What are the prime factors of 28 + -1 + 0 - (-36)/12?
2, 3, 5
Let x(z) = 0 + 2*z**2 + 1 + 0 - 2. List the prime factors of x(-3).
17
Let r = 78 + 213. What are the prime factors of r?
3, 97
Let y = 20 - 12. Suppose 10*m - 104 = y*m. What are the prime factors of m?
2, 13
Let u be 512/(-36) + (-2)/(-9). Let y = u - -21. List the prime factors of y.
7
Suppose 15 = -6*a + a. Let g = a + 8. List the prime factors of g.
5
Let v be 1/(2 + -2 - 1). Let x(f) = -8*f - 4 + 0 + 3. What are the prime factors of x(v)?
7
Let p be -1*12/((-9)/3). Suppose j + p = -j. What are the prime factors of 10 - (j + 2 - -2)?
2
Let s(z) = -z**2 + 6*z + 4. Let g be s(6). Suppose -g*m - 23 - 17 = 0. What are the prime factors of 2/5 + (-126)/m?
13
Let a = -2 - -2. Suppose a*j = -3*j - 9. Let t = j - -5. What are the prime factors of t?
2
Suppose 6*k - k = 30. Suppose -2*a = -5*z + z - 62, -z = 5*a - 12. Let i = k - z. List the prime factors of i.
19
Suppose 3*m + 54 = 3*y, y - 7 = 5*m + 23. Let k = y + -3. List the prime factors of k.
2, 3
Let a be (2 - 1)*(0 - -3). Suppose a - 15 = -2*m. Suppose -5*n - 4*r - m + 37 = 0, 30 = 5*n + 5*r. What are the prime factors of n?
7
Let t(u) = 3*u + 6. Let p be t(-4). Let a be 0 - (p/3 - -21). What are the prime factors of a/(-2) - (-3)/(-6)?
3
Suppose -2*j - 3*x + 5 = 0, -7*j + 2*j - 4 = 2*x. Let g(o) be the second derivative of o**4/3 + o**3/3 - o**2/2 + 2*o. List the prime factors of g(j).
11
Let b be 3/6*(1 - -3). Let c(m) = b + 5*m**2 + 0 - 3*m**2 + 6*m. What are the prime factors of c(-4)?
2, 5
Suppose -5*p + d + 7 = 0, -3*p + d + 9 = 4. Let k be 1/(3*p/21). Let z = k - 5. List the prime factors of z.
2
Let n = 16 - -21. List the prime factors of n.
37
Let d be 0*((-1)/(-2))/1. Suppose -4*x + 42 = 2*n, d = x + x. What are the prime factors of n?
3, 7
Let b(x) = -2*x - 12. Let q(p) = 6*p + 36. Let z(f) = 10*b(f) + 3*q(f). Let a(k) = -3*k - 2. Let r be a(2). What are the prime factors of z(r)?
2
Let k(v) = 3*v**2 - 6*v + 6. Let x be k(6). Suppose -3*l = -8*l + j + x, -5*l + 4*j + 87 = 0. What are the prime factors of l?
3, 5
Let q(o) = -o**3 + o**2 - o + 1. Let w be q(1). Let c = w + 17. Let m = c + -5. What are the prime factors of m?
2, 3
Let f(y) = 6*y. Let i be f(1). Let o be (-1)/(-3) + 4/i. What are the prime factors of 1 + 1 + -1 + o?
2
Let j(x) = 13*x**2 + 4*x + 1. List the prime factors of j(-3).
2, 53
List the prime factors of (24/(-20))/((-3)/80).
2
Suppose 18*h + 40 = 19*h. List the prime factors of h.
2, 5
Let d(j) = 2*j - 6. Let y be d(5). Suppose 7*u = y*u + b + 46, 4*b - 40 = -4*u. List the prime factors of u.
2, 7
Suppose -f + 0*f = -3. Suppose 2 = 2*p + f*d, 0 = p + p + d - 6. List the prime factors of p.
2
Suppose 4*w - 475 = -w - 5*o, 3*o + 483 = 5*w. What are the prime factors of w?
2, 3
Let a(t) = -16*t - 20. What are the prime factors of a(-6)?
2, 19
Let d(y) = y - 13. Let a be 2/(-6) - (-6)/18. Let k be d(a). Let n = k - -18. List the prime factors of n.
5
Suppose -10*q + 9*q + 38 = 0. What are the prime factors of q?
2, 19
Let s = 19 + -10. Let i = -13 + s. Let v = i - -16. List the prime factors of v.
2, 3
Suppose 0*m = 5*r - 3*m - 690, 2*m = 3*r - 415. List the prime factors of r.
3, 5
Let n = -1 + 9. Suppose -16 = -n*z + 4*z. Suppose -z*i + 3*i = -7. List the prime factors of i.
7
Suppose -x - 5 = 5. Let t = 2 - x. List the prime factors of t.
2, 3
Suppose 9*k = 4*k - a + 958, 2*k = 5*a + 367. List the prime factors of k.
191
Suppose 0 = 3*h + 15 + 9. Let c = h - -22. What are the prime factors of c?
2, 7
Let m(k) = -k - 6. Let u be m(0). Let i = -1 + u. Let p(h) = -h - 5. List the prime factors of p(i).
2
Let c(v) = v**3 - 5*v**2 - 3*v - 8. Let n be (-4)/10 - 204/15. Let s = -8 - n. What are the prime factors of c(s)?
2, 5
List the prime factors of -4 + 2 + 126 + 3 + 2.
3, 43
What are the prime factors of 1094/12 - (-1)/(-6)?
7, 13
Let j be 6/4 - (-70)/4. Suppose u + j = 2*u. List the prime factors of u.
19
L